be the third derivative of -307*h**4/24 - h**3/6 - 21*h**2. Let g be z(-1). Suppose -q - 2*q + g = 0. What is the tens digit of q?
0
What is the units digit of -1 + -1 - (-6415 - 137)?
0
Suppose 3*u - 525 = 8*u. Let k = u + 297. Suppose -9*a = -5*a - k. What is the tens digit of a?
4
Suppose -2*j - 3*r = -15651, 14*r = -j + 19*r + 7806. What is the hundreds digit of j?
8
Let c = -52 - -54. What is the hundreds digit of -23 + 20 + (823 + -1)/c?
4
Let u = 290 - 438. Let h = u - -283. What is the units digit of (0 - 0) + 16 + h?
1
Let l(p) = 3*p**3 + 4*p**2 - 4. Let q be l(-2). Let g be (-296)/(-3) - ((-4)/(-1))/q. Let c = g + -62. What is the units digit of c?
7
Let y = 39 + -38. Let n(q) = 14 + q**2 + y - 6 + 5. What is the tens digit of n(11)?
3
Let r be -1 - (-2 - -2) - -4. Let z(j) = -113*j**2 + 9*j - 18. Let x be z(r). What is the units digit of x/32*(-4)/3?
2
Let b = 998 - 992. What is the thousands digit of b*(-4)/(-20)*28100/30?
1
Let k(g) = 7*g**2 + 46*g + 21. Let l = -57 + 47. What is the units digit of k(l)?
1
Suppose 7841232 = 255*d - 3430533. What is the units digit of d?
3
Let z(i) = 10*i**3 - 21*i**2 - 33*i + 10. What is the hundreds digit of z(10)?
5
Let w(j) = 73*j - 1548. What is the tens digit of w(55)?
6
Let s(h) = h**3 - 8*h**2 - 6. Let n(m) = m**3 - m. Let l(o) = 2*n(o) - s(o). Let b be ((42/9)/(-7))/((-4)/(-42)). What is the tens digit of l(b)?
6
Suppose 0 = 4*v - 4*z, -4*v - 5*z + 10 + 35 = 0. Suppose v*t = 3*t + 4. Suppose -4 + 100 = t*r + 4*l, 4*r - 174 = -2*l. What is the tens digit of r?
4
Suppose 4*x - 2*m = 595 - 117, -10 = -2*m. Suppose 341 = 2*q - 129. Let y = q - x. What is the tens digit of y?
1
Let y(w) be the first derivative of -63*w**2/2 + 35*w + 186. What is the units digit of y(-4)?
7
Let k(l) = 80*l**3 + 8*l**2 - 29*l - 41. What is the thousands digit of k(7)?
7
Let w(d) = 10*d**2 + d + 12. Let a be w(8). Suppose -3*r + 3*s = -414, s = 14*r - 19*r + a. What is the tens digit of r?
3
Suppose -46819 = 16*u - 118915. What is the thousands digit of u?
4
Suppose -5*o = -6*o + 19. Let k(g) = -13*g - o*g + 5*g**2 - 11 + 5*g. What is the hundreds digit of k(9)?
1
Let q be (-10)/40 + ((-54)/8)/(-3). Suppose -2*i = 2*y - 369 + 21, 5*y = q*i + 870. What is the tens digit of y?
7
Let n be ((-447)/(-12))/((2/56)/1). Suppose 4*m - 3340 = -4*q, n = 4*m + q - 2297. What is the units digit of (-4)/14 + m/7?
9
Suppose -4*q - 5 = -45. Suppose w = 5*t - 1293, -9*t + w = -q*t + 255. What is the units digit of t?
8
Suppose 12 = -4*y - 4*i, 3*y - 5*i = -y + 15. Let q be (-2)/(-2)*(-4 + 9). Suppose 0 = -3*x - y*x - q*d + 214, -5*x + d = -366. What is the tens digit of x?
7
Suppose 4*s + 4*t = -3856, 5*s - 5*t = 659 - 5439. Let p = 1472 + s. What is the tens digit of p?
1
Let m(f) = f**3 + f**2 - 3*f. Let p(r) = r**3 + 4*r**2 - 3. Let h be p(-4). Let x be m(h). Let u(y) = y**2 + 3*y + 19. What is the tens digit of u(x)?
7
Suppose -5*k + 354 + 531 = 0. Let w = k + -122. What is the units digit of w?
5
Let d(z) = 2*z**3 - 34*z**2 + 35*z - 44. Let s be d(16). Suppose 2*q = -s*b + 802, 0 = -4*b - q + 492 + 305. What is the units digit of b?
8
Let s(i) = -i**2 + 4*i + 1. Suppose -5*j = -7*j + 20. Let h be s(j). Let u = 124 + h. What is the tens digit of u?
6
Suppose -5 - 24 = a + 4*l, 2*a + 70 = -2*l. Let c = a + 33. What is the hundreds digit of (6/c + -3)/(6/(-160))?
1
Suppose 0 = x - 3*u - 36, -2*u - 210 = -4*x - u. Suppose -4*r + 92 = -4*w, 145 = -2*r + 7*r + w. Let j = r + x. What is the tens digit of j?
8
Let h(g) = 291*g**3 - 8*g**2 + 39*g - 59. What is the tens digit of h(3)?
4
Suppose 249578 + 2231608 = 177*d. What is the thousands digit of d?
4
Let l = 31372 - 10670. What is the ten thousands digit of l?
2
Let u = 11207 - 5063. What is the units digit of u?
4
Let f(a) = -4992*a**3 + 45*a**2 + 103*a + 33. What is the units digit of f(-2)?
3
Suppose -8*l + 3*m = -5*l - 15, -4*l = -3*m - 23. Suppose -3136 = -5*c + 4*y, 5*y - l*y = -c + 625. What is the tens digit of c?
2
Let c be (1/4)/(8/264736). Suppose 0 = 12*o + 2465 - c. What is the hundreds digit of o?
4
Let v(j) = -j**3 + 22*j**2 + 52*j + 48. Let u(o) = -14*o + 50. Let a be u(2). What is the units digit of v(a)?
2
Let h = -280 - -275. What is the hundreds digit of (-30)/12*454/h?
2
Let s(t) = 690*t**2 - 16*t - 3. What is the units digit of s(-3)?
5
Let z(g) = 5*g**3 - 2*g**2 + 3*g - 2. Let u(y) = 2*y**2 - 15*y + 8. Let d be u(7). Suppose -5*w + 4 = -d. What is the units digit of z(w)?
4
Suppose -113*p + 277904 = -147654. What is the hundreds digit of p?
7
Let b(k) = -k**3 + 11*k**2 + 9*k + 39. Let u be b(12). Suppose -m + 0*m - u*i + 1004 = 0, 0 = 4*m + i - 4049. What is the units digit of m?
3
Suppose -3*w + 105243 = -5*i, -w - 130*i = -133*i - 35073. What is the tens digit of w?
9
Let m(j) = -2*j**2 + 38*j + 43. Let g be m(20). Suppose -4*z = -0*z - g*b - 447, -3*z = -4*b - 344. What is the hundreds digit of z?
1
Suppose -3*x + q = 4*q - 17451, -4*q = -2*x + 11634. What is the units digit of x?
7
Let i(u) = u**3 - 22*u**2 - 138*u - 5. What is the tens digit of i(28)?
3
Suppose -3 + 9 = 2*p. Let o(k) = -k**3 + 19*k**2 + 13*k - 34. Let y be o(19). Suppose 2*b + 4*l = 138, p*b + 5*l + 1 = y. What is the units digit of b?
9
Let r be (0*((-1 - -2) + 0))/(-3). Suppose 5*c - 150 - 1175 = r. What is the hundreds digit of c?
2
What is the tens digit of 4*(-7)/35*1/((-4)/42010)?
0
Suppose -4*w = -15*w + 8074. Let c = w - -145. What is the units digit of c?
9
Let t(k) = -21 - 32*k - 6*k + 3*k. Let o be 1/(-8) - 5053/1304. What is the units digit of t(o)?
9
Let i(t) = -t**2 + t + 2. Let s be i(0). Suppose 4*m + 336 = 3*x, m = s*x + 2*m - 235. Suppose -3*z + z + 248 = 2*r, z = r + x. What is the hundreds digit of z?
1
Let y be (-12)/10*(-20)/(-8) - -5. Suppose -y*x + 12 = 2*x. Suppose w + d = -x*w + 117, -33 = -w - 4*d. What is the tens digit of w?
2
Suppose 5 - 17 = -6*o. Suppose 11*q - 27 = o*q. Suppose -2*l - 5*n = -186, 175 + 85 = q*l - 2*n. What is the units digit of l?
8
Let j(w) = -5*w - 11 - 5*w + 181*w**3 - 184*w**3. What is the hundreds digit of j(-5)?
4
Let b = 68518 - 35746. What is the hundreds digit of b?
7
Let d be ((-70346)/102)/((-2)/18). Suppose -d = -20*l + 4833. What is the units digit of l?
2
Let p = 2038 + -488. Suppose -19*w - p = -24*w + 4*o, 4*w = 4*o + 1244. What is the tens digit of w?
0
Let c be (-24)/(-48) + 6/(-4). What is the tens digit of (-183)/61*(c - 107)?
2
Let a be 4 - -1 - (-10 + 10). Suppose a*l + o - 125 = -0*o, 5*l - 150 = 4*o. Suppose 880 = l*s - 22*s. What is the tens digit of s?
2
Let z(l) be the second derivative of -l**4/12 - 25*l**3/2 - 45*l**2/2 - 29*l - 1. What is the thousands digit of z(-38)?
1
Let l(g) = -g**3 - 4*g**2 + 15*g + 9409. What is the tens digit of l(0)?
0
Suppose m - 1161 = -o + 19657, o + 4*m - 20809 = 0. What is the tens digit of o?
2
Let g(m) = -227*m - 285. Let a(j) = 454*j + 571. Let l(z) = 2*a(z) + 5*g(z). What is the tens digit of l(-5)?
5
Suppose 2*k - 158 = 2*o, -5*k + 15 = -3*o - 386. Let r(t) = -60*t + 27*t - k*t + 3. What is the tens digit of r(-1)?
1
Let r = 1357 - 729. Let d = 728 - r. What is the units digit of d?
0
Let b(i) = 176*i - 1447. What is the thousands digit of b(29)?
3
Let a = 16 - 13. Let h(s) = s**3 + 5*s**2 + 5*s + 3. Let m be h(-4). What is the tens digit of (m/a)/((-24)/5544)?
7
Let z(r) = -r**3 + 23*r**2 - 19*r + 4. Let t be z(15). Suppose -t = -7*m + 6377. What is the hundreds digit of m?
1
Let o(a) = 11*a + 28. Suppose 78 = -8*n + 198. What is the hundreds digit of o(n)?
1
Let j(k) = k**3 + 6*k**2 - 2*k - 15. Let a be j(-6). Let h be (a - 18/12)*(-8)/(-6). What is the units digit of (880/33)/((-1)/h)?
0
Let w = -4645 + 16489. What is the tens digit of w?
4
Suppose -227 = h - 229. Suppose -h*i = 5*s - 521, -29*s + 26*s + 309 = 3*i. What is the hundreds digit of s?
1
Suppose 234 = -3*o - 5*c, 8*o + 3*c = 10*o + 156. Let x = 78 + o. Suppose x*g = -g + 131. What is the hundreds digit of g?
1
Let x(m) = -9*m + 11. Suppose -3*q + 11*g = 10*g + 28, -20 = q - 3*g. Let z be x(q). What is the tens digit of (z - 0) + (-6)/(-12)*-2?
8
Suppose 18*b = -4*i + 20*b + 4658, b + 5 = 0. Let n = 2085 - i. What is the units digit of n?
3
What is the tens digit of -1 + 7 + 0 + 26 + 1829?
6
Let h be (11